uppose b*w - w - 4 = 0. Suppose 4*m - 2*k + 3*k = 28, -w*k - 16 = 0. What is c(m)?
-5
Suppose 2*i - 24 = 7*c - 37, 0 = 4*i + 5*c + 45. Let g(j) = j**2 + 2*j. What is g(i)?
80
Let f be (-6)/(-51)*68 + (-10 - 2). Let u(t) = t**3 - 2*t**2 - 3*t + 3. Let m be u(3). Let o(s) = -s - m + 3. Determine o(f).
4
Let h(v) be the third derivative of -1/360*v**6 + 0 + 0*v - 25*v**2 + 1/24*v**4 - 1/15*v**5 + 4*v**3. Let t(y) be the first derivative of h(y). Determine t(-6).
13
Let g(i) be the second derivative of -13*i**4/12 + 6*i**3 + 3*i**2/2 + 109*i + 33. What is g(3)?
-6
Let i(n) = -n - 2. Let u(b) be the third derivative of 0*b - 1/20*b**5 + 18*b**2 - 1/24*b**4 - 1/60*b**6 - 1/6*b**3 + 0. Let v be u(-2). Determine i(v).
-7
Let p = -210 - -651. Let l = -450 + p. Let n(o) = o**2 + 6*o - 21. Determine n(l).
6
Let s(l) = 9*l + 28. Suppose r = 4*j + 9, 5*r - 2*r - 6 = 5*j. Let z be s(r). Let b(o) = -6*o - 2. What is b(z)?
-8
Let p(x) = 11*x**2 - 84*x - 151. Let b(u) = 4*u**2 - 31*u - 51. Let c(m) = 8*b(m) - 3*p(m). What is c(0)?
45
Let z(l) be the third derivative of -l**6/24 - l**5/60 + l**4/12 - l**3/6 - 9*l**2 - 3. Give z(1).
-5
Let i(z) = -z**3 - 25*z**2 + 25*z - 34. Let d be i(-26). Let g be (-5)/2 - 12/d - -5. Let q(m) = -9*m + 4. Give q(g).
-32
Let m(q) = 7*q - 96. Let v be m(14). Let a(h) = -3*h - 20 + 5*h**v + 29 - 17 - 4*h**2. What is a(6)?
10
Let r(j) = 6*j - 6. Let b be (-270)/5*2/(-6). Suppose -15*y = -b - 42. Determine r(y).
18
Let i(s) = -9*s - 14. Let k(c) = 2*c + 6. Let x(a) = -2*i(a) - 5*k(a). Let p = 2 + 0. What is x(p)?
14
Let m be 3*(-1)/3*-8. Let a(f) = 7 + 6 - 4 + 5*f - 10*f + 2*f. What is a(m)?
-15
Suppose 23 = 3*l + 11 - 0. Let a(x) = 3*x**2 - 25*x + 5. Determine a(l).
-47
Let m(k) = k + 1. Let n(x) = 3*x + 1. Let r(y) = -4*m(y) + n(y). Let s be 122 + -6 + 11 + (-1)/1. Let o = 121 - s. Determine r(o).
2
Let f(i) = 2*i - 69. Let p be f(35). Let l(y) = 13*y**2 + y - 1. Let h(o) = -8*o**2. Let j(r) = 4*h(r) + 3*l(r). Determine j(p).
7
Let v(z) = z + 2. Suppose 0 = 2*b + 9*b + 4*b. Let j be (-2 + b)/(16/(-648)*-9). Determine v(j).
-7
Let y(n) = -n**2 + 4. Let m = 863 - 280. Let b = -579 + m. Calculate y(b).
-12
Let c(p) = -p**3 - 5*p**2 + p - 4. Let g = 46 + -43. Suppose 0 = 2*n - 3*n + g. Suppose 2*b + 7 = -n. Determine c(b).
-9
Let t(u) be the first derivative of -u**6/360 + 3*u**5/40 + u**4/3 + 190*u**3/3 + 181. Let a(s) be the third derivative of t(s). What is a(10)?
-2
Suppose -3*p + 43 = 22. Suppose j + 2*r + 6 = 0, -3*j - 2*r = -p*r + 18. Let o(y) be the third derivative of -y**4/24 + y**3/2 + 2*y**2. Determine o(j).
9
Let b be 5 + 2 + 0 - (-2 - -4). Let j = b + -2. Suppose 4*h + 35 = j*k - 0, -3*h = 15. Let q(c) = -c**2 + 7*c - 3. Calculate q(k).
7
Let d(x) be the second derivative of 2*x**3/3 + x**2/2 + 2*x. Let j be (-7)/((-84)/(-72)) - -9. What is d(j)?
13
Let c(o) = 23*o - 45. Let q be (-3)/(-5 + (-9 - (-100)/8)). Calculate c(q).
1
Let p(z) = -3*z + 4. Suppose -2*t = -24 + 6. Calculate p(t).
-23
Let n = 955 + -668. Suppose -13*y - 66 + n = 0. Let a(w) = -w**3 + 17*w**2 - w + 15. Determine a(y).
-2
Let b(d) be the second derivative of d**5/60 + 5*d**4/24 - d**3 - 15*d**2/2 - 12*d. Let s(f) be the first derivative of b(f). Suppose 3 = -2*v - 7. Give s(v).
-6
Let b(g) = -2*g**2 + 37*g - 114. Let c(u) = 3*u**2 - 73*u + 229. Let j(w) = 5*b(w) + 3*c(w). Give j(-37).
6
Let g(t) be the first derivative of -t**3/3 + 15*t**2/2 + 14*t - 5532. Give g(15).
14
Let p(r) be the first derivative of r**3/3 + 6*r**2 + 16*r - 6100. Give p(-11).
5
Let i(d) = 4*d + 87. Let a be i(-21). Let m(l) = -l**2 - 2 + 50*l - a - 43*l. Determine m(8).
-13
Let w(i) = i**3 - 12*i**2 - 15*i + 17. Let u(f) = -f**2 - 39*f - 185. Let n be u(-6). Determine w(n).
-9
Suppose -55*l - 336 = -2*l + 3*l. Let o(w) = -w**2 - 6*w + 9. What is o(l)?
9
Let u(h) = h**2 + h - 9. Let k be u(-4). Let b(w) = w**2 - 10. Let t be b(k). Let d(n) = -9*n + n + 3*n - 1 - n. Calculate d(t).
5
Let g be ((-1)/2)/(-4 - (-165)/40). Let j = -25 + 12. Let k be g/3 - j/39. Let p(c) = c**2 + c. What is p(k)?
0
Let l(m) = -5*m - 101. Let z(j) = 28*j + 504. Let f(a) = 21*l(a) + 4*z(a). Let r be f(14). Let u(x) = x**3 + 8*x**2 + 5*x + 4. What is u(r)?
18
Let a(w) = 83*w**3 - 16*w**2 + 19*w + 3. Let z(i) = -12*i**3 + i**2 - i + 4. Let q(l) = a(l) + 7*z(l). Give q(-10).
11
Let d(m) = -2*m**3 - 5*m**2 + 6*m - 10. Let f(l) = -3*l**3 - 5*l**2 + 7*l - 11. Let w(t) = 4*d(t) - 3*f(t). Let x be (11525/(-922))/(40/(-16)). What is w(x)?
8
Let o(r) = -r**3 + 10*r**2 - 14*r + 40. Let w be o(9). Let y(j) be the second derivative of j**5/20 + j**4/2 + 2*j**3/3 - 2*j**2 + 3*j. Determine y(w).
1
Suppose 20 = -5*i - 5. Let q(p) be the first derivative of p**7/840 + p**6/72 - p**4/8 - 11*p**3 - 24. Let u(c) be the third derivative of q(c). What is u(i)?
-3
Let b(n) = -5*n - 5. Let s be b(-2). Let a(q) be the first derivative of q**4/4 - 5*q**3/3 + 3*q**2 - 4*q + 1110. Determine a(s).
26
Let r(s) be the first derivative of -27*s**2/2 - 119*s + 991. Determine r(-4).
-11
Let n be 9/2*(2 - 4). Let q(j) = 43*j - 19. Let t(p) = 359*p - 152. Let u(a) = -25*q(a) + 3*t(a). Calculate u(n).
1
Let h = 157 + -155. Suppose 4*w - 20 + 6 = -u, -3*u = -h*w - 14. Let f(t) = t**2 - 4*t - 8. What is f(u)?
4
Let a(f) = f**3 - 17*f**2 + 3*f - 45. Suppose -4*o + 59 + 1 = 2*r, -4 = r. Give a(o).
6
Let a = 46 + -38. Let p(k) be the first derivative of -k**2/2 + 16*k - 363. Give p(a).
8
Let q(m) = -m**2 - 2*m + 326. Let h be q(-19). Let w(f) be the third derivative of f**6/120 - f**5/12 + f**4/12 + f**3/3 + f**2. Calculate w(h).
-10
Let n(h) = -26*h + 114. Let i be n(4). Let s(k) be the second derivative of -k**4/12 + 3*k**3/2 - 3*k**2/2 + 34*k. Give s(i).
-13
Let q be (-4)/(-3 - (-10)/4). Suppose 4*j = -4*l - 12, -5*l + q = -2*j + 37. Suppose j*k + 16 = -3*c, 0 = 2*c + 3*k - 7*k. Let o(f) = -3*f - 5. Determine o(c).
7
Let i(h) = 7*h**3 - 12*h**2 + 18*h - 16. Let v(z) = 5*z**3 - 8*z**2 + 17*z - 15. Let j(f) = 3*i(f) - 4*v(f). Determine j(-3).
-9
Let v(m) = -m**3 + 7*m**2 - m + 3. Let x = -2 - -6. Let d be (-24)/(3 + -11)*-1. Let c = x - d. What is v(c)?
-4
Let r(d) = -d**3 + d**2 + 6*d + 2. Let u be r(3). Let k(o) = -u*o + 61 - 48 + o. Calculate k(17).
-4
Let d(s) be the third derivative of s**5/60 - s**3/3 + s**2. Let c(g) = -72*g - 8715. Let v be c(-121). Determine d(v).
7
Let z(x) = x**2 - 11*x - 97. Let a be z(-6). Let c be ((-10)/(-4))/(1/2). Let r(q) = -3*q + c + 0*q - 2 + 2*q. What is r(a)?
-2
Let b(l) = -14*l**2 + 6*l - 8. Let i(x) = -2*x**2 - x + 3. Let d(v) = -v**2 + v - 2. Let o(h) = -3*d(h) - i(h). Let r(y) = 6*b(y) + 17*o(y). Give r(-3).
6
Let r be (-3 - 1)*(8 - 7 - 2). Let k(x) = 5*x**2 - 19*x + 2. Let u(d) = 4*d**2 - 15*d + 2. Let o(q) = r*u(q) - 3*k(q). Determine o(5).
12
Suppose -3*y + 5*p + 1 = -0, -3*p = -5*y + 7. Let r(t) = -t - t**y + 16 - 23 + 10. Determine r(-4).
-9
Let d(b) be the second derivative of b**4/4 - 17*b**3/6 + 15*b**2 + 3368*b. Give d(2).
8
Let v(s) = -15*s - 25. Let j = -672 + 668. What is v(j)?
35
Let n(d) = -34*d - 17. Let r(j) = -18*j - 9. Let b(g) = -6*n(g) + 11*r(g). Let c(w) = w**3 - 16*w**2 - 3*w + 46. Let i be c(16). Determine b(i).
-9
Suppose 2*a = -2*t - 12 - 62, -4*t - a - 133 = 0. Let q(k) = k**3 + 33*k**2 + 30*k - 56. Give q(t).
8
Let t = 400 - 242. Let d = t - 145. Let w(x) = x**2 - 10*x - 19. What is w(d)?
20
Let k be (6/5)/(6/40). Suppose 5*s + 2*y + k = -0, -3 = 2*s + y. Let n(c) be the first derivative of 4*c**2 + 740. Determine n(s).
-16
Let v(o) = o**2 - 4*o + 8. Suppose -5*x - 5*u + 2 = -13, -2*u = 5*x - 12. Suppose -3*q + 193 = x*q + 4*y, 2*q = y + 72. Suppose -2*w + q = 25. What is v(w)?
20
Let h(p) be the first derivative of -p**5/60 - p**4/12 + 13*p**3/3 - 87*p**2/2 - 123. Let k(u) be the second derivative of h(u). Determine k(-6).
2
Let m(d) be the third derivative of -10*d**2 - 3*d + 7/24*d**4 + 1/60*d**5 + 0 + 5/3*d**3. What is m(-6)?
4
Let p(m) = -m**3 - m**2 - 8*m - 3. Let z(t) = -2*t**2 - 44*t - 2. Let b be z(0). Determine p(b).
17
Let u(x) = -4*x**2 - 6*x - 5. Let w = 63 - 60. Let b(a) = -5*a**2 - 7*a - 6. Let z(j) = w*b(j) - 4*u(j). Let d be (-8 + 7)*(-1 - -9) + 3. Calculate z(d).
12
Suppose 3*w = 2*r - 18, -1 = -5*w - 11. Let z(f) = 68*f**2 - 90*f - 270. Let k(c) = -1